 -3*c - 14, -2*c - 6 = m. Suppose 4*y - 18 = -2*d, 3*y + 0*y + m*d = 11. What is the units digit of y?
7
Let v(n) = n + 10. Let u be v(-7). Suppose 4*c + r - 122 = 0, -u*c + 3*r + 98 = 7*r. What is the tens digit of c?
3
Let u be 3*(-4)/3 + -1. Suppose 5*a - 11 = w, a - 2*a - 4*w = -19. Let t = a - u. What is the units digit of t?
8
Suppose 4*b + 67 = 391. What is the tens digit of b?
8
Let w(f) = 2*f**2 + 6*f + 3. Let i be w(-6). Suppose 6 = -m + 32. Let d = i - m. What is the units digit of d?
3
Suppose n - 4*n + 6 = 0. Suppose 4*s - 3*y = 207, -3*y - 82 - 29 = -n*s. What is the units digit of s?
8
Suppose -2*q + 5*j + 611 = 0, q + j = 125 + 177. What is the tens digit of q?
0
Suppose 4*b = -p - 3*p, -3*b + 3*p = -18. Suppose -1 = b*l - 7. What is the units digit of l?
2
Let l = 7 + -7. Let g be (-6)/2 + (2 - l). Let b(r) = 7*r**2 - 2*r - 1. What is the units digit of b(g)?
8
Let j(t) = -t**2 + 8*t + 9. Let z(o) = -o**2 - o - 1. Let m(d) = j(d) - 2*z(d). Let p be m(-8). What is the units digit of 4/p*(-13 + 3)?
8
Suppose -4*p + 37 = l - 119, 5*l = 20. What is the units digit of p?
8
Let j be (2 - -3) + 0 + 1. Let u(q) be the third derivative of q**4/24 + q**3/3 + 3*q**2. What is the units digit of u(j)?
8
Let h(x) = -11*x**3 - 5*x**2 - 4*x + 6. What is the hundreds digit of h(-3)?
2
Let x = -78 + 154. What is the tens digit of x?
7
Suppose -37 - 23 = 3*b. What is the units digit of (1*b)/(6/(-6))?
0
Let h(a) be the third derivative of 5*a**4/24 - 4*a**2. What is the units digit of h(1)?
5
Let b(v) = -50*v - 11. What is the units digit of b(-3)?
9
Let f(q) = -q. Let g be f(-8). Suppose 0 = -4*p + g. What is the units digit of p?
2
Let v be (-3)/(3/(-2)) + 1. Suppose -f = 3 - 0, 24 = v*s - 2*f. What is the units digit of s?
6
Let f = 209 + -114. What is the units digit of f?
5
Let r(o) = o + 5. Let s be r(-3). Let k = -37 + 52. Suppose -k = -5*j - h, -3*h - 2*h + 6 = s*j. What is the units digit of j?
3
Suppose -h + 79 = -2*l, 2*l = 4*h + 15 - 313. What is the tens digit of h?
7
Let a(x) = 2*x - 1. Let g be a(2). Suppose 0 = -4*z + y + 54 + 3, -y - 44 = -g*z. What is the tens digit of z?
1
Suppose 1 - 4 = g. Let z be (1 - 0/g)*3. Suppose -z*a - 3*o + 15 = 0, a - 3*o - 1 = 2*a. What is the units digit of a?
8
Let o be 6/(-12)*(0 - 18). Suppose -3*z - o + 0 = 0. What is the units digit of (-1)/z*(45 - -6)?
7
Suppose 0 = -5*d + d + 60. Let j = d - 8. What is the units digit of j?
7
Let d(i) = -4*i + 21. What is the tens digit of d(-13)?
7
Let o(m) = -23*m + 18. What is the hundreds digit of o(-5)?
1
Suppose 3*n - 29 = 2*w, 23 + 22 = 5*n - 5*w. What is the units digit of n?
1
Let p be 4*4 + (-33)/11. What is the units digit of (p - 16)*(-2)/3?
2
Let h(f) = -3*f**3 + 3*f**2 + 5*f + 7. Let w be h(-3). Suppose -3*a + 60 = l, 4*a = -a - 4*l + w. What is the units digit of a?
0
Suppose -y - 4*i + 34 = 2*y, 21 = 2*y + i. What is the units digit of y?
0
Suppose 45 = 2*f - 29. Suppose -3*l + f = -2. What is the units digit of l?
3
Let g(h) = 2*h + 4. Let y = -3 - -6. What is the units digit of g(y)?
0
Suppose 5*u - 2 - 4 = -3*g, 0 = -u - g. Suppose -o + u + 3 = 0. What is the units digit of o?
6
Let b(p) be the second derivative of -p**3/2 - 3*p**2/2 + 6*p. What is the units digit of b(-6)?
5
Suppose 5 - 12 = s - 3*f, f + 7 = 5*s. What is the units digit of 844/14 + s/(-7)?
0
Let r(n) = 68*n - 1. Let o be r(4). Suppose -90 = 5*m - 3*q - o, -134 = -4*m - 3*q. What is the units digit of m?
5
Let a(b) = b**2 + 4*b - 16. What is the hundreds digit of a(-15)?
1
Let a be (-1)/(6/4 + -2). Suppose -a*g = 6, 4*g = -3*b + 76 - 25. What is the units digit of b?
1
Let w be 2 + (9 - (-3 + 6)). Let p = 7 + -4. What is the units digit of (w - 0)/(4 - p)?
8
What is the tens digit of (-1)/(2/5 + 47/(-105))?
2
Suppose 5*s = s + 156. What is the units digit of s?
9
Let n(d) be the second derivative of d**5/20 - d**4/3 - d**3/2 + 3*d**2/2 - 4*d. What is the units digit of n(5)?
3
Let x(m) = m**2 - 4*m + 4. Let q be x(4). Let h(g) be the first derivative of -g**4/4 + 5*g**3/3 - 2*g**2 + 6*g + 2. What is the units digit of h(q)?
6
Suppose -i + 216 = 3*i. What is the tens digit of i?
5
Suppose -5*h = -4*z - 170 + 28, 0 = -h + z + 28. What is the units digit of h?
0
Let s(f) = f**2 - 7*f - 13. Suppose -5*m - 3*r + 22 = 0, 2*m - 2 = 7*m - 3*r. Suppose m*g - 14 - 4 = 0. What is the units digit of s(g)?
5
What is the tens digit of (-2)/1*(-55 - (-2 + 1))?
0
Let y(h) = -h**2 - h + 1. Let i(g) = 0 + 4*g + 7*g**2 + 0*g - 1 - 4. Let w(m) = i(m) + 6*y(m). What is the units digit of w(4)?
9
Let w(s) = s + 2. Let v be w(0). Suppose -v*f = 5*u - 26, u - 3*f + 3 = -2. What is the units digit of u?
4
Let v(a) = a**3 - 8*a**2 + 7*a - 4. Let j be v(7). Let q = -6 - j. What is the tens digit of q - -4 - -9 - -2?
1
Suppose -x + 4 = -0*x + 4*v, -5*v = x - 5. Let r = x + 1. What is the units digit of r?
1
Suppose 4*d = 16 + 84. Suppose -2*h + h = -13. Let t = d - h. What is the tens digit of t?
1
Let u(o) = -9*o**3 - 2*o - 1. Let l be u(-1). Let g be (-2)/l + (-4)/(-20). Suppose g = s + 4*s - 60. What is the tens digit of s?
1
Let v(z) = 11*z - 11. Let q(p) = -7*p + 7. Let t(r) = 8*q(r) + 5*v(r). Let w be t(-3). Suppose u + w*u - 40 = 5*f, 4*f + 8 = -2*u. What is the units digit of u?
4
Suppose -4*v - 36 = -8*v. What is the units digit of v?
9
Let b(p) = -2*p + 3. Let v(c) = 4*c - 5. Let g(d) = 13*b(d) + 6*v(d). Let o(n) = -2*n + 10. Let i(r) = -7*g(r) + 6*o(r). What is the units digit of i(3)?
3
Suppose 12 = -2*g + 4. Let z = g + 5. What is the units digit of z?
1
Suppose -3*q - 128 = -0*b - 2*b, 0 = 3*q. Let u be 24/(-12) - (1 - 6). Suppose -u*m = m - b. What is the tens digit of m?
1
What is the tens digit of (-2480)/(-48) - (-1)/3?
5
Suppose -2*d + x + 10 = -3*x, 46 = 5*d - 3*x. What is the tens digit of d?
1
Suppose 0 = r + 2*y - 39, -5*r - 3*y + 126 = -2*r. What is the tens digit of r?
4
What is the hundreds digit of 722/7 - 5/35?
1
Suppose -12 = -2*o - 2*o. Let x = o + -1. Suppose 0 = -5*m + x*k + 36 + 23, 2*m + k = 29. What is the tens digit of m?
1
Let b be (-132)/(-15) - 1/(-5). Let i(v) = -v**3 + 4*v**2 - 3*v + 3. Let f be i(3). Suppose -f*n + 2*n = -b. What is the units digit of n?
9
Let k be 1/(-3) - (-1 + (-1)/3). Let j(c) = 20*c + 0 + 1 + 0. What is the tens digit of j(k)?
2
Suppose -q + 1 = 0, 2*s = -4*q - 0*q + 8. What is the units digit of (-4)/(s + (-76)/36)?
6
Let o = -4 + 6. Let u(c) = -c + 1 + 0*c + 0*c**2 + c**o. What is the units digit of u(2)?
3
Let f(b) = -b**2 + 4. Let t be 4/(-6) - (-4)/6. What is the units digit of f(t)?
4
Let x(i) = -4*i + 2. Let g(n) = 5*n - 3. Let u(z) = -3*g(z) - 4*x(z). Let m be u(7). Let h = 0 + m. What is the units digit of h?
8
Let n = -410 - -762. What is the tens digit of n?
5
Let h(o) = -15*o**2 + 5*o**2 + o**3 - 2*o**3 + o + 13. Let m be h(-10). Suppose -m*r - 1 = -4*w - 0, -5 = -5*w. What is the units digit of r?
1
Let l = -39 + 68. What is the tens digit of l?
2
Let w = 6 - 1. Let i(d) = d**3 + 5*d**2 + 3*d - 2. Let u be i(-4). Let g = w - u. What is the units digit of g?
3
Suppose 30 = 4*d + 2*f, d + 5*f - 3*f - 15 = 0. Suppose 4*b - b + 14 = 4*w, 4*b + 18 = d*w. What is the units digit of w?
2
Let m = -5 + 2. Let c be 1/(-3)*-4*m. What is the units digit of (-3)/2*(c + 0)?
6
Let a(q) = 4 + q**2 - 4 - 8*q. Let c be a(8). What is the units digit of 7 + 0 - (c + 1)?
6
Let m = 1 + 3. Let g = m - -2. What is the units digit of g?
6
Suppose 0 = -5*t + 4*t - 3. Let b(w) = -1 + 2*w - 3*w + 0*w + 2. What is the units digit of b(t)?
4
Let g(u) = -u**3 - 5*u**2 + 10*u + 10. Let b = -20 + 13. What is the tens digit of g(b)?
3
Suppose 5*f = 9*f - 8. Let x(g) = 8*g - 2. What is the units digit of x(f)?
4
Suppose 0 = t - 5*t + 208. Suppose -17 = -3*l + t. Suppose 4*j + l = f, -3*f - j + 37 = -5*j. What is the units digit of f?
7
Suppose -6 = -3*p + 6. What is the units digit of p?
4
Let b = 22 + -49. Let o = -15 - b. What is the units digit of o?
2
Let c(n) = -5*n**3 - 5*n**2 + n + 4. Let h(t) = 11*t**3 + 10*t**2 - t - 8. Let y(b) = -9*c(b) - 4*h(b). What is the units digit of y(-5)?
1
Suppose 17 = 5*k - 3. Suppose -2*u - u + 76 = -4*d, u = k*d + 36. What is the units digit of u?
0
Suppose -5*h - 2 = -3*c, -5*h + c + 6 = -0*c. What is the units d